{"id":2,"date":"2016-05-10T03:48:21","date_gmt":"2016-05-10T03:48:21","guid":{"rendered":"https:\/\/grubers-druckertankstelle.nyce-network.com\/?page_id=2"},"modified":"2025-06-09T16:11:31","modified_gmt":"2025-06-09T16:11:31","slug":"sample-page","status":"publish","type":"page","link":"https:\/\/grubers-druckertankstelle.nyce-network.com\/","title":{"rendered":"Grubers &#8211; Druckertankstelle"},"content":{"rendered":"\t\t<div data-elementor-type=\"wp-page\" data-elementor-id=\"2\" class=\"elementor elementor-2\">\n\t\t\t\t<div class=\"elementor-element elementor-element-9819633 e-con-full e-flex e-con e-parent\" data-id=\"9819633\" data-element_type=\"container\">\n\t\t<div class=\"elementor-element elementor-element-885466a e-con-full e-flex e-con e-child\" data-id=\"885466a\" data-element_type=\"container\">\n\t\t\t\t<div class=\"elementor-element elementor-element-4a14b5b elementor-widget elementor-widget-text-editor\" data-id=\"4a14b5b\" data-element_type=\"widget\" data-widget_type=\"text-editor.default\">\n\t\t\t\t<div class=\"elementor-widget-container\">\n\t\t\t\t\t\t\t\t\t<h1 class=\"a13ree-written-headline\" data-speed=\"65\" data-loop=\"1\"><span class=\"before-written\">Grubers &#8211; Druckertankstelle<\/span><\/h1>\t\t\t\t\t\t\t\t<\/div>\n\t\t\t\t<\/div>\n\t\t\t\t<div class=\"elementor-element elementor-element-ad57b87 elementor-widget elementor-widget-text-editor\" data-id=\"ad57b87\" data-element_type=\"widget\" data-widget_type=\"text-editor.default\">\n\t\t\t\t<div class=\"elementor-widget-container\">\n\t\t\t\t\t\t\t\t\t<p>T-Shirt Druck * Tassen * Mauspad * Kissen * Spardosen * <br>Reparaturservice f\u00fcr Tintenstrahldrucker seit 2005<\/p>\t\t\t\t\t\t\t\t<\/div>\n\t\t\t\t<\/div>\n\t\t\t\t<\/div>\n\t\t\t\t<\/div>\n\t\t<div class=\"elementor-element elementor-element-9b12a0c e-flex e-con-boxed e-con e-parent\" data-id=\"9b12a0c\" data-element_type=\"container\">\n\t\t\t\t\t<div class=\"e-con-inner\">\n\t\t\t\t<div class=\"elementor-element elementor-element-62aa415 elementor-widget elementor-widget-heading\" data-id=\"62aa415\" data-element_type=\"widget\" data-widget_type=\"heading.default\">\n\t\t\t\t<div class=\"elementor-widget-container\">\n\t\t\t\t\t<p class=\"elementor-heading-title elementor-size-default\"><h2 class=\"elementor-heading-title elementor-size-default\" style=\", Roboto, Helvetica, Arial, sans-serif, sans-serif;letter-spacing: -1px;font-weight: 800;line-height: 1.1em;font-size: 48px;text-align: center\">Hier finden Sie Alles was zum Drucken geh\u00f6rt.<\/h2><\/p>\t\t\t\t<\/div>\n\t\t\t\t<\/div>\n\t\t\t\t\t<\/div>\n\t\t\t\t<\/div>\n\t\t<div class=\"elementor-element elementor-element-7f9326c e-grid e-con-boxed e-con e-parent\" data-id=\"7f9326c\" data-element_type=\"container\">\n\t\t\t\t\t<div class=\"e-con-inner\">\n\t\t\t\t<div class=\"elementor-element elementor-element-c6acbd3 elementor-widget elementor-widget-image\" data-id=\"c6acbd3\" data-element_type=\"widget\" data-widget_type=\"image.default\">\n\t\t\t\t<div class=\"elementor-widget-container\">\n\t\t\t\t\t\t\t\t\t\t\t\t\t\t\t<img fetchpriority=\"high\" decoding=\"async\" width=\"800\" height=\"901\" src=\"https:\/\/grubers-druckertankstelle.nyce-network.com\/wp-content\/uploads\/2025\/06\/image-909x1024.png\" class=\"attachment-large size-large wp-image-9\" alt=\"\" srcset=\"https:\/\/grubers-druckertankstelle.nyce-network.com\/wp-content\/uploads\/2025\/06\/image-909x1024.png 909w, https:\/\/grubers-druckertankstelle.nyce-network.com\/wp-content\/uploads\/2025\/06\/image-266x300.png 266w, https:\/\/grubers-druckertankstelle.nyce-network.com\/wp-content\/uploads\/2025\/06\/image-768x865.png 768w, https:\/\/grubers-druckertankstelle.nyce-network.com\/wp-content\/uploads\/2025\/06\/image-1363x1536.png 1363w, https:\/\/grubers-druckertankstelle.nyce-network.com\/wp-content\/uploads\/2025\/06\/image.png 1704w\" sizes=\"(max-width: 800px) 100vw, 800px\" \/>\t\t\t\t\t\t\t\t\t\t\t\t\t\t\t<\/div>\n\t\t\t\t<\/div>\n\t\t<div class=\"elementor-element elementor-element-717baee e-con-full e-flex e-con e-child\" data-id=\"717baee\" data-element_type=\"container\">\n\t\t\t\t<div class=\"elementor-element elementor-element-9a9dbc5 elementor-widget elementor-widget-image\" data-id=\"9a9dbc5\" data-element_type=\"widget\" data-widget_type=\"image.default\">\n\t\t\t\t<div class=\"elementor-widget-container\">\n\t\t\t\t\t\t\t\t\t\t\t\t\t\t\t<img decoding=\"async\" width=\"800\" height=\"872\" src=\"https:\/\/grubers-druckertankstelle.nyce-network.com\/wp-content\/uploads\/2025\/06\/image-1-939x1024.png\" class=\"attachment-large size-large wp-image-10\" alt=\"\" srcset=\"https:\/\/grubers-druckertankstelle.nyce-network.com\/wp-content\/uploads\/2025\/06\/image-1-939x1024.png 939w, https:\/\/grubers-druckertankstelle.nyce-network.com\/wp-content\/uploads\/2025\/06\/image-1-275x300.png 275w, https:\/\/grubers-druckertankstelle.nyce-network.com\/wp-content\/uploads\/2025\/06\/image-1-768x837.png 768w, https:\/\/grubers-druckertankstelle.nyce-network.com\/wp-content\/uploads\/2025\/06\/image-1.png 1174w\" sizes=\"(max-width: 800px) 100vw, 800px\" \/>\t\t\t\t\t\t\t\t\t\t\t\t\t\t\t<\/div>\n\t\t\t\t<\/div>\n\t\t\t\t<\/div>\n\t\t\t\t<div class=\"elementor-element elementor-element-51b38c0 elementor-widget elementor-widget-image\" data-id=\"51b38c0\" data-element_type=\"widget\" data-widget_type=\"image.default\">\n\t\t\t\t<div class=\"elementor-widget-container\">\n\t\t\t\t\t\t\t\t\t\t\t\t\t\t\t<img decoding=\"async\" width=\"300\" height=\"300\" src=\"https:\/\/grubers-druckertankstelle.nyce-network.com\/wp-content\/uploads\/2025\/06\/image-2.png\" class=\"attachment-large size-large wp-image-11\" alt=\"\" srcset=\"https:\/\/grubers-druckertankstelle.nyce-network.com\/wp-content\/uploads\/2025\/06\/image-2.png 300w, https:\/\/grubers-druckertankstelle.nyce-network.com\/wp-content\/uploads\/2025\/06\/image-2-150x150.png 150w\" sizes=\"(max-width: 300px) 100vw, 300px\" \/>\t\t\t\t\t\t\t\t\t\t\t\t\t\t\t<\/div>\n\t\t\t\t<\/div>\n\t\t\t\t<div class=\"elementor-element elementor-element-458b894 elementor-widget elementor-widget-text-editor\" data-id=\"458b894\" data-element_type=\"widget\" data-widget_type=\"text-editor.default\">\n\t\t\t\t<div class=\"elementor-widget-container\">\n\t\t\t\t\t\t\t\t\t<div class=\"elementor-element elementor-element-301cfcdc elementor-widget elementor-widget-heading\" data-id=\"301cfcdc\" data-element_type=\"widget\" data-widget_type=\"heading.default\"><div class=\"elementor-widget-container\"><h3 class=\"elementor-heading-title elementor-size-default\">TINTENPATRONEN<\/h3><\/div><\/div><div class=\"elementor-element elementor-element-790b818c elementor-widget elementor-widget-text-editor\" data-id=\"790b818c\" data-element_type=\"widget\" data-widget_type=\"text-editor.default\"><div class=\"elementor-widget-container\"><p>Reparaturservice von Tintenstrahldruckern jeglicher\u00a0 Art.<br \/>Originale und kompatible Tintenpatronen.<\/p><\/div><\/div>\t\t\t\t\t\t\t\t<\/div>\n\t\t\t\t<\/div>\n\t\t\t\t<div class=\"elementor-element elementor-element-f0039a6 elementor-widget elementor-widget-text-editor\" data-id=\"f0039a6\" data-element_type=\"widget\" data-widget_type=\"text-editor.default\">\n\t\t\t\t<div class=\"elementor-widget-container\">\n\t\t\t\t\t\t\t\t\t<div class=\"elementor-element elementor-element-51081fde elementor-widget elementor-widget-heading\" data-id=\"51081fde\" data-element_type=\"widget\" data-widget_type=\"heading.default\">\n<div class=\"elementor-widget-container\">\n<h3 class=\"elementor-heading-title elementor-size-default\">Medien Druck<\/h3>\n<\/div>\n<\/div>\n<div class=\"elementor-element elementor-element-cc7b93f elementor-widget elementor-widget-text-editor\" data-id=\"cc7b93f\" data-element_type=\"widget\" data-widget_type=\"text-editor.default\">\n<div class=\"elementor-widget-container\">\n<p>T-Shirtdruck<br \/>Tassendruck<br \/>Mauspaddruck<\/p>\n<\/div>\n<\/div>\t\t\t\t\t\t\t\t<\/div>\n\t\t\t\t<\/div>\n\t\t\t\t<div class=\"elementor-element elementor-element-53aa1b0 elementor-widget elementor-widget-text-editor\" data-id=\"53aa1b0\" data-element_type=\"widget\" data-widget_type=\"text-editor.default\">\n\t\t\t\t<div class=\"elementor-widget-container\">\n\t\t\t\t\t\t\t\t\t<div class=\"elementor-element elementor-element-4e91347 elementor-widget elementor-widget-heading\" data-id=\"4e91347\" data-element_type=\"widget\" data-widget_type=\"heading.default\">\n<div class=\"elementor-widget-container\">\n<h3 class=\"elementor-heading-title elementor-size-default\">Kopier Service<\/h3>\n<\/div>\n<\/div>\n<div class=\"elementor-element elementor-element-9050081 elementor-widget elementor-widget-text-editor\" data-id=\"9050081\" data-element_type=\"widget\" data-widget_type=\"text-editor.default\">\n<div class=\"elementor-widget-container\">\n<p>s\/w und Farb Kopien bis 20.000 Seiten vor Ort<br \/>Visitenkartendruck<br \/>Posterdruck<\/p>\n<\/div>\n<\/div>\t\t\t\t\t\t\t\t<\/div>\n\t\t\t\t<\/div>\n\t\t\t\t\t<\/div>\n\t\t\t\t<\/div>\n\t\t<div class=\"elementor-element elementor-element-dabbe51 e-con-full e-flex e-con e-parent\" data-id=\"dabbe51\" data-element_type=\"container\">\n\t\t<div class=\"elementor-element elementor-element-5b34835 e-con-full e-flex e-con e-child\" data-id=\"5b34835\" data-element_type=\"container\">\n\t\t\t\t<div class=\"elementor-element elementor-element-bd87ffe elementor-widget elementor-widget-text-editor\" data-id=\"bd87ffe\" data-element_type=\"widget\" data-widget_type=\"text-editor.default\">\n\t\t\t\t<div class=\"elementor-widget-container\">\n\t\t\t\t\t\t\t\t\t<section class=\"elementor-section elementor-inner-section elementor-element elementor-element-89dce6a elementor-section-full_width elementor-section-height-min-height elementor-section-height-default\" data-id=\"89dce6a\" data-element_type=\"section\"><div class=\"elementor-container elementor-column-gap-default\"><div class=\"elementor-column elementor-col-100 elementor-inner-column elementor-element elementor-element-2f96753\" data-id=\"2f96753\" data-element_type=\"column\"><div class=\"elementor-widget-wrap elementor-element-populated\"><div class=\"elementor-element elementor-element-51f5430 elementor-widget elementor-widget-heading\" data-id=\"51f5430\" data-element_type=\"widget\" data-widget_type=\"heading.default\"><div class=\"elementor-widget-container\"><h3 class=\"elementor-heading-title elementor-size-default\"><span style=\"color: #ffffff;\">Contact Us<\/span><\/h3><p><span style=\"color: #7a7a7a;\"><br \/>In unserer Filiale in Bottrop beraten wir Sie gerne zu unseren Produkten.<\/span><\/p><\/div><\/div><div data-id=\"a0eba51\" data-element_type=\"widget\" data-widget_type=\"text-editor.default\"><p><span style=\"color: #7a7a7a;\">Wir bef\u00fcllen Ihre leeren Tintenpatronen mit INKTEC Qualit\u00e4tstinte.<\/span><br \/><span style=\"color: #7a7a7a;\">T-Shirt Druck mit Ihrem LOGO.( Termine auch au\u00dferhalb der \u00d6ffnungszeiten<\/span><br \/><span style=\"color: #7a7a7a;\">nach Vereinbarung )<\/span><\/p><\/div><\/div><\/div><\/div><\/section><section class=\"elementor-section elementor-inner-section elementor-element elementor-element-44423d3 elementor-section-boxed elementor-section-height-default elementor-section-height-default\" data-id=\"44423d3\" data-element_type=\"section\"><div class=\"elementor-container elementor-column-gap-default\"><div class=\"elementor-column elementor-col-100 elementor-inner-column elementor-element elementor-element-373352b\" data-id=\"373352b\" data-element_type=\"column\"><div class=\"elementor-widget-wrap elementor-element-populated\"><div class=\"elementor-element elementor-element-70f2d6b elementor-widget elementor-widget-heading\" data-id=\"70f2d6b\" data-element_type=\"widget\" data-widget_type=\"heading.default\"><h3 class=\"elementor-widget-container\"><span class=\"elementor-heading-title elementor-size-default\" style=\"color: #ffffff;\">Filiale Bottrop<\/span><\/h3><\/div><div class=\"elementor-element elementor-element-9c012f5 elementor-widget elementor-widget-text-editor\" data-id=\"9c012f5\" data-element_type=\"widget\" data-widget_type=\"text-editor.default\"><div class=\"elementor-widget-container\"><p>Johannesstr. 4<br \/>46240 Bottrop<br \/>Tel.: 02041 \/ 700710<br \/>info@grubers-druckertankstelle.de<\/p><\/div><\/div><\/div><\/div><\/div><\/section>\t\t\t\t\t\t\t\t<\/div>\n\t\t\t\t<\/div>\n\t\t\t\t<\/div>\n\t\t<div class=\"elementor-element elementor-element-f8cd0f5 e-con-full e-flex e-con e-child\" data-id=\"f8cd0f5\" data-element_type=\"container\">\n\t\t\t\t<div class=\"elementor-element elementor-element-8cb8927 elementor-widget elementor-widget-testimonial\" data-id=\"8cb8927\" data-element_type=\"widget\" data-widget_type=\"testimonial.default\">\n\t\t\t\t<div class=\"elementor-widget-container\">\n\t\t\t\t\t\t\t<div class=\"elementor-testimonial-wrapper\">\n\t\t\t\t\t\t\t<div class=\"elementor-testimonial-content\">Wow, der Typ ist ja echt gut.<\/div>\n\t\t\t\n\t\t\t\t\t\t<div class=\"elementor-testimonial-meta elementor-has-image elementor-testimonial-image-position-aside\">\n\t\t\t\t<div class=\"elementor-testimonial-meta-inner\">\n\t\t\t\t\t\t\t\t\t\t\t<div class=\"elementor-testimonial-image\">\n\t\t\t\t\t\t\t<img loading=\"lazy\" decoding=\"async\" width=\"1152\" height=\"2048\" src=\"https:\/\/grubers-druckertankstelle.nyce-network.com\/wp-content\/uploads\/2025\/06\/8c86166d-54f1-4445-9972-c65b0ec1eb5b.jpg\" class=\"attachment-full size-full wp-image-34\" alt=\"\" srcset=\"https:\/\/grubers-druckertankstelle.nyce-network.com\/wp-content\/uploads\/2025\/06\/8c86166d-54f1-4445-9972-c65b0ec1eb5b.jpg 1152w, https:\/\/grubers-druckertankstelle.nyce-network.com\/wp-content\/uploads\/2025\/06\/8c86166d-54f1-4445-9972-c65b0ec1eb5b-169x300.jpg 169w, https:\/\/grubers-druckertankstelle.nyce-network.com\/wp-content\/uploads\/2025\/06\/8c86166d-54f1-4445-9972-c65b0ec1eb5b-576x1024.jpg 576w, https:\/\/grubers-druckertankstelle.nyce-network.com\/wp-content\/uploads\/2025\/06\/8c86166d-54f1-4445-9972-c65b0ec1eb5b-768x1365.jpg 768w, https:\/\/grubers-druckertankstelle.nyce-network.com\/wp-content\/uploads\/2025\/06\/8c86166d-54f1-4445-9972-c65b0ec1eb5b-864x1536.jpg 864w\" sizes=\"(max-width: 1152px) 100vw, 1152px\" \/>\t\t\t\t\t\t<\/div>\n\t\t\t\t\t\n\t\t\t\t\t\t\t\t\t\t<div class=\"elementor-testimonial-details\">\n\t\t\t\t\t\t\t\t\t\t\t\t\t\t<div class=\"elementor-testimonial-name\">Max Mustermann<\/div>\n\t\t\t\t\t\t\t\t\t\t\t\t\t\t\t\t\t\t\t\t\t\t<div class=\"elementor-testimonial-job\">Veve<\/div>\n\t\t\t\t\t\t\t\t\t\t\t\t\t<\/div>\n\t\t\t\t\t\t\t\t\t<\/div>\n\t\t\t<\/div>\n\t\t\t\t\t<\/div>\n\t\t\t\t\t\t<\/div>\n\t\t\t\t<\/div>\n\t\t\t\t<\/div>\n\t\t<div class=\"elementor-element elementor-element-3da2204 e-con-full e-flex e-con e-child\" data-id=\"3da2204\" data-element_type=\"container\">\n\t\t\t\t<div class=\"elementor-element elementor-element-465716c elementor-widget elementor-widget-google_maps\" data-id=\"465716c\" data-element_type=\"widget\" data-widget_type=\"google_maps.default\">\n\t\t\t\t<div class=\"elementor-widget-container\">\n\t\t\t\t\t\t\t<div class=\"elementor-custom-embed\">\n\t\t\t<iframe loading=\"lazy\"\n\t\t\t\t\tsrc=\"https:\/\/maps.google.com\/maps?q=Johannesstra%C3%9Fe%204%20Johannesstra%C3%9Fe%204%2C%2046240%20Bottrop%2C%20Deutschland&#038;t=m&#038;z=10&#038;output=embed&#038;iwloc=near\"\n\t\t\t\t\ttitle=\"Johannesstra\u00dfe 4 Johannesstra\u00dfe 4, 46240 Bottrop, Deutschland\"\n\t\t\t\t\taria-label=\"Johannesstra\u00dfe 4 Johannesstra\u00dfe 4, 46240 Bottrop, Deutschland\"\n\t\t\t><\/iframe>\n\t\t<\/div>\n\t\t\t\t\t\t<\/div>\n\t\t\t\t<\/div>\n\t\t\t\t<\/div>\n\t\t\t\t<\/div>\n\t\t<div class=\"elementor-element elementor-element-33f054f e-con-full e-flex e-con e-parent\" data-id=\"33f054f\" data-element_type=\"container\" data-settings=\"{&quot;background_background&quot;:&quot;classic&quot;}\">\n\t\t<div class=\"elementor-element elementor-element-8584445 e-con-full e-flex e-con e-child\" data-id=\"8584445\" data-element_type=\"container\">\n\t\t\t\t<div class=\"elementor-element elementor-element-3728da7 elementor-widget elementor-widget-image\" data-id=\"3728da7\" data-element_type=\"widget\" data-widget_type=\"image.default\">\n\t\t\t\t<div class=\"elementor-widget-container\">\n\t\t\t\t\t\t\t\t\t\t\t\t\t\t\t<img loading=\"lazy\" decoding=\"async\" width=\"660\" height=\"216\" src=\"https:\/\/grubers-druckertankstelle.nyce-network.com\/wp-content\/uploads\/2025\/06\/LOGO-GRUBER.png\" class=\"attachment-large size-large wp-image-24\" alt=\"\" srcset=\"https:\/\/grubers-druckertankstelle.nyce-network.com\/wp-content\/uploads\/2025\/06\/LOGO-GRUBER.png 660w, https:\/\/grubers-druckertankstelle.nyce-network.com\/wp-content\/uploads\/2025\/06\/LOGO-GRUBER-300x98.png 300w\" sizes=\"(max-width: 660px) 100vw, 660px\" \/>\t\t\t\t\t\t\t\t\t\t\t\t\t\t\t<\/div>\n\t\t\t\t<\/div>\n\t\t\t\t<\/div>\n\t\t<div class=\"elementor-element elementor-element-c8d640f e-con-full e-flex e-con e-child\" data-id=\"c8d640f\" data-element_type=\"container\">\n\t\t\t\t<div class=\"elementor-element elementor-element-002b8ee elementor-widget elementor-widget-text-editor\" data-id=\"002b8ee\" data-element_type=\"widget\" data-widget_type=\"text-editor.default\">\n\t\t\t\t<div class=\"elementor-widget-container\">\n\t\t\t\t\t\t\t\t\t<h2>Warum wir?<\/h2>\n<div class=\"textwidget\">\n<p>Wir reparieren und warten defekte Tintenstrahldrucker seit 2005.<\/p>\n<p>Wir vertreiben Tintenpatronen und Toner der Businessklasse.<\/p>\n<\/div>\t\t\t\t\t\t\t\t<\/div>\n\t\t\t\t<\/div>\n\t\t\t\t<\/div>\n\t\t<div class=\"elementor-element elementor-element-c858ad0 e-con-full e-flex e-con e-child\" data-id=\"c858ad0\" data-element_type=\"container\">\n\t\t\t\t<div class=\"elementor-element elementor-element-69fccc9 elementor-widget elementor-widget-text-editor\" data-id=\"69fccc9\" data-element_type=\"widget\" data-widget_type=\"text-editor.default\">\n\t\t\t\t<div class=\"elementor-widget-container\">\n\t\t\t\t\t\t\t\t\t<h2>Hier finden Sie uns<\/h2><div class=\"info\"><div class=\"content-text\">Inh. Marcus Gruber<br \/>Johannesstr. 4<br \/>46240 Bottrop-Boy<\/div><div class=\"content-text\">+49 (0) 2041 \/ 700 710<\/div><div class=\"phone with_icon\">+49 (0) 2041 \/ 261 410<\/div><p><a class=\"email with_icon\" href=\"mailto:in%66%6f%40%67ru%62e%72%73-dr%75%63ker%74an%6b%73telle.de\"><i class=\"fa fa-envelope-o\"><\/i>info@grubers-druckertankstelle.de<\/a><\/p><\/div><div class=\"info\"><a class=\"www with_icon\" href=\"http:\/\/www.grubers-druckertankstelle.de\/\"><i class=\"fa fa-external-link\"><\/i>www.grubers-druckertankstelle.de<\/a><\/div><div class=\"info\"><div class=\"content-open with_icon\"><i class=\"fa fa-clock-o\"><\/i>Mo, Di, Do, Fr. 10:00-18:00 Uhr<br \/>Mittwoch, Samstags 10:00-14:00 Uhr<br \/>(Termine auch au\u00dferhalb der \u00d6ffnungszeiten)<\/div><\/div>\t\t\t\t\t\t\t\t<\/div>\n\t\t\t\t<\/div>\n\t\t\t\t<\/div>\n\t\t<div class=\"elementor-element elementor-element-6dc4dcd e-con-full e-flex e-con e-child\" data-id=\"6dc4dcd\" data-element_type=\"container\">\n\t\t\t\t<div class=\"elementor-element elementor-element-6b2f5ce elementor-widget elementor-widget-text-editor\" data-id=\"6b2f5ce\" data-element_type=\"widget\" data-widget_type=\"text-editor.default\">\n\t\t\t\t<div class=\"elementor-widget-container\">\n\t\t\t\t\t\t\t\t\t<h2>Was uns wichtig ist<\/h2><div class=\"textwidget\"><p><a href=\"http:\/\/grubers-druckertankstelle.de\/datenschutz\/\" target=\"_blank\" rel=\"noopener\">#Datenschutz<\/a><br \/><a href=\"http:\/\/grubers-druckertankstelle.de\/impressum\/\" target=\"_blank\" rel=\"noopener\">#Impressum<\/a><\/p><\/div>\t\t\t\t\t\t\t\t<\/div>\n\t\t\t\t<\/div>\n\t\t\t\t<\/div>\n\t\t\t\t<\/div>\n\t\t\t\t<\/div>\n\t\t","protected":false},"excerpt":{"rendered":"<p>Grubers &#8211; Druckertankstelle T-Shirt Druck * Tassen * Mauspad * Kissen * Spardosen * Reparaturservice f\u00fcr Tintenstrahldrucker seit 2005 Hier finden Sie Alles was zum Drucken geh\u00f6rt. TINTENPATRONEN Reparaturservice von Tintenstrahldruckern jeglicher\u00a0 Art.Originale und kompatible Tintenpatronen. Medien Druck T-ShirtdruckTassendruckMauspaddruck Kopier Service s\/w und Farb Kopien bis 20.000 Seiten vor OrtVisitenkartendruckPosterdruck Contact Us In unserer Filiale in Bottrop beraten wir Sie gerne zu unseren Produkten. Wir bef\u00fcllen Ihre leeren Tintenpatronen mit INKTEC Qualit\u00e4tstinte.T-Shirt Druck mit Ihrem LOGO.( Termine auch au\u00dferhalb der \u00d6ffnungszeitennach Vereinbarung ) Filiale Bottrop Johannesstr. 446240 BottropTel.: 02041 \/ 700710info@grubers-druckertankstelle.de Wow, der Typ ist ja echt gut. Max Mustermann Veve Warum wir? Wir reparieren und warten defekte Tintenstrahldrucker seit 2005. Wir vertreiben Tintenpatronen und Toner der Businessklasse. Hier finden Sie uns Inh. Marcus GruberJohannesstr. 446240 Bottrop-Boy+49 (0) 2041 \/ 700 710+49 (0) 2041 \/ 261 410 info@grubers-druckertankstelle.de www.grubers-druckertankstelle.deMo, Di, Do, Fr. 10:00-18:00 UhrMittwoch, Samstags 10:00-14:00 Uhr(Termine auch au\u00dferhalb der&hellip;<\/p>\n<p> <a class=\"more-link\" href=\"https:\/\/grubers-druckertankstelle.nyce-network.com\/\">Weiterlesen<\/a><\/p>\n","protected":false},"author":1,"featured_media":0,"parent":0,"menu_order":0,"comment_status":"closed","ping_status":"open","template":"elementor_header_footer","meta":{"footnotes":""},"class_list":["post-2","page","type-page","status-publish"],"_links":{"self":[{"href":"https:\/\/grubers-druckertankstelle.nyce-network.com\/index.php?rest_route=\/wp\/v2\/pages\/2","targetHints":{"allow":["GET"]}}],"collection":[{"href":"https:\/\/grubers-druckertankstelle.nyce-network.com\/index.php?rest_route=\/wp\/v2\/pages"}],"about":[{"href":"https:\/\/grubers-druckertankstelle.nyce-network.com\/index.php?rest_route=\/wp\/v2\/types\/page"}],"author":[{"embeddable":true,"href":"https:\/\/grubers-druckertankstelle.nyce-network.com\/index.php?rest_route=\/wp\/v2\/users\/1"}],"replies":[{"embeddable":true,"href":"https:\/\/grubers-druckertankstelle.nyce-network.com\/index.php?rest_route=%2Fwp%2Fv2%2Fcomments&post=2"}],"version-history":[{"count":18,"href":"https:\/\/grubers-druckertankstelle.nyce-network.com\/index.php?rest_route=\/wp\/v2\/pages\/2\/revisions"}],"predecessor-version":[{"id":43,"href":"https:\/\/grubers-druckertankstelle.nyce-network.com\/index.php?rest_route=\/wp\/v2\/pages\/2\/revisions\/43"}],"wp:attachment":[{"href":"https:\/\/grubers-druckertankstelle.nyce-network.com\/index.php?rest_route=%2Fwp%2Fv2%2Fmedia&parent=2"}],"curies":[{"name":"wp","href":"https:\/\/api.w.org\/{rel}","templated":true}]}}